of 60 and 1590.
30
Calculate the highest common factor of 630 and 270.
90
Calculate the greatest common divisor of 77 and 231.
77
Calculate the highest common factor of 19 and 893.
19
What is the greatest common factor of 4675 and 7975?
275
What is the greatest common divisor of 40 and 6680?
40
Calculate the greatest common factor of 16 and 4912.
16
Calculate the highest common factor of 3 and 11631.
3
What is the greatest common divisor of 322 and 448?
14
What is the greatest common factor of 280 and 300?
20
What is the highest common divisor of 18703 and 59?
59
What is the greatest common factor of 14875 and 476?
119
What is the greatest common factor of 203 and 58?
29
What is the greatest common divisor of 9328 and 176?
176
Calculate the greatest common divisor of 106 and 10706.
106
What is the highest common divisor of 8878 and 138?
46
Calculate the highest common factor of 128 and 40.
8
Calculate the greatest common factor of 812 and 5075.
203
Calculate the highest common divisor of 99 and 825.
33
Calculate the highest common factor of 18745 and 489.
163
Calculate the greatest common factor of 10520 and 40.
40
Calculate the greatest common divisor of 328 and 136.
8
Calculate the highest common factor of 77 and 119.
7
Calculate the greatest common divisor of 16 and 2712.
8
What is the greatest common factor of 11 and 1001?
11
Calculate the highest common divisor of 7533 and 31.
31
What is the greatest common divisor of 126 and 98?
14
Calculate the greatest common factor of 34 and 85.
17
Calculate the greatest common divisor of 96 and 468.
12
What is the greatest common factor of 220 and 132?
44
Calculate the greatest common divisor of 13 and 351.
13
What is the greatest common factor of 1184 and 111?
37
Calculate the greatest common factor of 30 and 190.
10
What is the greatest common divisor of 46 and 46?
46
Calculate the highest common factor of 81 and 29727.
81
Calculate the highest common divisor of 6 and 186.
6
Calculate the highest common factor of 140 and 175.
35
What is the highest common divisor of 1200 and 750?
150
What is the highest common divisor of 54 and 18846?
54
What is the greatest common factor of 163 and 7987?
163
What is the greatest common factor of 4446 and 429?
39
Calculate the highest common factor of 2205 and 5.
5
Calculate the highest common divisor of 20314 and 28.
14
Calculate the highest common factor of 32 and 5344.
32
Calculate the highest common divisor of 11730 and 68.
34
Calculate the highest common factor of 164 and 1271.
41
What is the greatest common divisor of 117 and 65?
13
What is the highest common divisor of 1798 and 62?
62
Calculate the highest common factor of 11 and 3443.
11
What is the greatest common divisor of 11 and 297?
11
What is the highest common divisor of 63 and 1575?
63
What is the greatest common divisor of 1617 and 33?
33
What is the highest common divisor of 4807 and 99?
11
What is the greatest common factor of 23798 and 146?
146
Calculate the greatest common divisor of 39 and 1014.
39
Calculate the greatest common factor of 404 and 101.
101
Calculate the greatest common divisor of 14 and 2653.
7
What is the greatest common divisor of 108 and 42?
6
What is the highest common factor of 64 and 72?
8
What is the greatest common factor of 28 and 2716?
28
What is the greatest common factor of 45 and 30?
15
Calculate the highest common divisor of 10683 and 9.
9
What is the greatest common divisor of 25 and 19325?
25
What is the highest common divisor of 108 and 1566?
54
What is the highest common divisor of 656 and 16?
16
What is the greatest common factor of 1550 and 150?
50
Calculate the greatest common divisor of 396 and 6380.
44
What is the highest common divisor of 759 and 33?
33
Calculate the highest common divisor of 770 and 560.
70
What is the highest common factor of 20 and 20?
20
Calculate the greatest common divisor of 3610 and 110.
10
What is the highest common divisor of 21 and 77?
7
Calculate the highest common divisor of 1102 and 38.
38
What is the highest common factor of 104 and 384?
8
What is the highest common divisor of 6 and 366?
6
Calculate the greatest common factor of 640 and 5.
5
What is the greatest common divisor of 4056 and 24?
24
What is the highest common divisor of 12 and 128?
4
What is the highest common factor of 456 and 7068?
228
Calculate the highest common factor of 177 and 3.
3
Calculate the greatest common factor of 64 and 208.
16
Calculate the highest common divisor of 1312 and 544.
32
Calculate the greatest common factor of 10492 and 430.
86
Calculate the greatest common divisor of 365 and 219.
73
Calculate the highest common factor of 51 and 96.
3
Calculate the highest common factor of 25745 and 813.
271
What is the greatest common divisor of 7729 and 59?
59
What is the greatest common divisor of 150 and 228?
6
Calculate the greatest common factor of 2509 and 91.
13
What is the greatest common divisor of 55 and 15?
5
What is the highest common divisor of 548 and 180?
4
What is the highest common factor of 74 and 962?
74
Calculate the highest common factor of 3320 and 40.
40
Calculate the greatest common factor of 1898 and 657.
73
What is the greatest common factor of 287 and 369?
41
Calculate the highest common factor of 54 and 675.
27
Calculate the highest common factor of 22 and 2266.
22
What is the highest common divisor of 1846 and 1349?
71
What is the highest common divisor of 245 and 25?
5
Calculate the greatest common factor of 5872 and 2569.
367
What is the greatest common factor of 369 and 48339?
369
Calculate the highest common factor of 2862 and 108.
54
What is the greatest common factor of 33952 and 32?
32
What is the greatest common divisor of 5440 and 187?
17
What is the greatest common factor of 20 and 12980?
20
What is the greatest common divisor of 476 and 14?
14
What is the greatest common factor of 315 and 735?
105
Calculate the greatest common divisor of 24 and 8.
8
Calculate the greatest common divisor of 316 and 3634.
158
Calculate the highest common divisor of 7 and 224.
7
Calculate the highest common divisor of 532 and 20.
4
What is the highest common divisor of 1724 and 8?
4
What is the greatest common divisor of 119 and 1598?
17
Calculate the highest common factor of 444 and 24.
12
Calculate the greatest common factor of 12 and 1248.
12
What is the greatest common factor of 2255 and 22?
11
What is the greatest common factor of 207 and 333?
9
What is the highest common divisor of 172 and 37754?
86
Calculate the highest common divisor of 481 and 1813.
37
Calculate the highest common factor of 590 and 190.
10
What is the highest common factor of 7 and 1351?
7
What is the greatest common divisor of 185 and 629?
37
Calculate the greatest common divisor of 49706 and 58.
58
What is the highest common divisor of 897 and 207?
69
What is the greatest common divisor of 49 and 61103?
49
Calculate the highest common divisor of 320 and 1620.
20
What is the greatest common divisor of 658 and 1736?
14
What is the highest common divisor of 15 and 27525?
15
Calculate the greatest common divisor of 2533 and 149.
149
Calculate the highest common divisor of 81 and 3969.
81
What is the greatest common factor of 375 and 45?
15
Calculate the highest common factor of 2028 and 390.
78
Calculate the highest common factor of 8382 and 1016.
254
What is the highest common factor of 361 and 95?
19
Calculate the highest common factor of 1661 and 11.
11
What is the highest common divisor of 24 and 768?
24
Calculate the highest common factor of 147 and 4704.
147
Calculate the greatest common divisor of 1694 and 28.
14
What is the greatest common factor of 1587 and 69?
69
What is the highest common divisor of 13 and 44?
1
Calculate the highest common factor of 165 and 30.
15
Calculate the highest common factor of 4 and 3584.
4
What is the greatest common factor of 3376 and 48?
16
What is the highest common factor of 185 and 5?
5
Calculate the greatest common divisor of 66 and 5346.
66
Calculate the highest common divisor of 117 and 13221.
117
Calculate the highest common factor of 2547 and 27.
9
What is the highest common divisor of 13 and 17953?
13
What is the greatest common divisor of 132 and 924?
132
Calculate the highest common factor of 105 and